 + n*w - 6 - w + 19. Let q(v) = -v**3 - 33*v**2 - 60*v + 56. Let p be q(-31). Give f(p).
7
Suppose 4 = -2*m - 2*n, 12*n - 10*n - 2 = -5*m. Let d(v) = 1. Let u(p) = -p - 5. Let h(b) = -11*d(b) - 2*u(b). Determine h(m).
3
Let y(v) be the first derivative of -11*v**7/840 - v**4/24 - v**3/3 + 1. Let x(k) be the third derivative of y(k). Let m = 62754 - 62755. Calculate x(m).
10
Let t(o) = o**3 - 6*o**2 - 2*o + 10. Suppose -5 = -d + 5*b, -5*d - 244 + 269 = 3*b. What is t(d)?
-25
Let f(i) = i**3 + 18*i**2 + 4*i - 65. Let u be f(-2). Suppose 4*x = 3*o - 0*x - 10, -4*o + 3*x + 18 = 0. Let d(q) = 0*q - 5*q + 2*q + o + 4*q. Give d(u).
-3
Let u(j) = j**3 + 42*j**2 - 16 + 2 + 13*j + 74*j**2 - 6 - 103*j**2. What is u(-11)?
79
Let y(b) = 2*b**2 - 3*b + 3. Let u(t) = 53 - 4*t**2 + 6*t**2 - 3*t**2 - t + 0*t. Let d be u(-8). Determine y(d).
30
Let n(i) = -15*i + 5. Let d(c) = 5*c - 2. Let u(r) = 7*d(r) + 2*n(r). Suppose o = -4*o - 5*z + 3620, -5*z - 706 = -o. Let q = 724 - o. Determine u(q).
11
Let j(r) = 16*r - 10. Let a(z) = 12*z - 7. Let f(g) = -6*a(g) + 5*j(g). Determine f(1).
0
Let d(g) = -38*g + 169. Let l(a) = 137*a - 8900. Let i be l(65). Determine d(i).
-21
Let m(o) be the second derivative of -o**5/20 - 5*o**4/6 - 9*o**3/2 - 20*o**2 + 2986*o - 2. Give m(-7).
2
Let u be 0/((-160)/70 + (120/28 - 4)). Let p(k) be the second derivative of 5*k**2 - 8*k - 1/6*k**3 + u. What is p(11)?
-1
Let u(p) = -25*p**3 + 24*p**2 - 26*p - 114. Let t(d) = 9*d**3 - 8*d**2 + 9*d + 39. Let h(f) = -11*t(f) - 4*u(f). Determine h(7).
13
Let f(t) = -31*t**3 - 54*t**2 - 55*t - 2. Let c(h) = -17*h**3 - 28*h**2 - 30*h - 1. Let j(x) = -11*c(x) + 6*f(x). Calculate j(16).
-1
Suppose -5*q = 2*c - 2, -c = -5*q + 1 + 13. Let n(k) = 2*k**2 - 4*k + 5*k - 3 - 3*k**q + 4*k. Let w = 38 + -32. What is n(w)?
-9
Suppose 5 = -p, 2*p + 36 = 5*t - 89. Let l = t - 15. Suppose b - 5*n - l = 0, 5*n - 5 - 3 = -b. Let w(j) = -j**3 + 8*j**2. What is w(b)?
0
Let s = -68/47 + 643/282. Let z(x) be the third derivative of 20*x**2 - 5/24*x**4 + 0 + 0*x - s*x**3 + 1/60*x**5. Determine z(6).
1
Let s(m) = 3*m**3 - m**2 + 1. Suppose 2*g = 8*c - 3*c - 69, 3*g = 5*c - 96. Let p = -63 + 91. Let t = g + p. What is s(t)?
3
Let m(r) = 40*r**2 - 75*r - 2. Let l be m(2). Let k(u) = u**3 - 2*u**2 - 2*u - 1. Let j be k(3). Let z(d) = -j*d - d + 7*d - 2*d - 9. Calculate z(l).
7
Let h(i) = i**2 + 6*i - 28. Suppose -36 + 36 = -319*b. Determine h(b).
-28
Let f(l) = 2*l**2 + 24*l + 82. Let g be f(-4). Let u(a) = -2*a + 41. Determine u(g).
5
Let p(d) = -d**3 + 17*d**2 - d + 8. Suppose -3*g + 19 + 34 = 2*j, -7*g - 2*j = -121. What is p(g)?
-9
Let v(f) = -8*f**3 - 40*f**2 + f - 14. Let u(j) = 18*j**3 + 78*j**2 - 3*j + 31. Let k(z) = 2*u(z) + 5*v(z). Determine k(-11).
3
Let g(j) = 3*j + 20*j**3 + 458*j**2 - 2 - 18 - 463*j**2 - 19*j**3. What is g(5)?
-5
Let c(s) = s + 3. Suppose -r - q = 23, -4*r + 4*q - 93 - 7 = 0. Let g be r/(-27)*-12*(-18)/8. Suppose -2*a = 4*o + 16, -3*a + 2*o - g = -o. Give c(a).
-5
Let v(r) = -r**3 + 4*r**2 - 5*r + 3. Let z be (-47)/(-2) + -2 - (-36)/72. Suppose z*u = 60 + 6. Give v(u).
-3
Let c(g) be the first derivative of g**2/2 - 4*g + 4. Suppose 4*m + 20 = 0, -3*q - 187 = m + 7. Let k = -58 - q. Give c(k).
1
Suppose 14*d + 8 = 2*n + 18*d, -n = -3*d + 11. Let i(h) = 26*h - 4. Give i(n).
-56
Let z(n) be the third derivative of -n**7/5040 - n**6/80 + 19*n**5/10 + 3*n**2 - 1. Let w(v) be the third derivative of z(v). Give w(-3).
-6
Let h(m) = -5*m**3 + 26*m**2 - 15*m + 11. Let s(w) = -14*w**3 + 77*w**2 - 46*w + 35. Let n(a) = -17*h(a) + 6*s(a). Determine n(-21).
23
Let n = 423 - 172. Let p = n - 247. Let f(i) = -3*i**2 - 3*i - 1. Let z(d) = -4*d**2 - 3*d. Let v(b) = 5*f(b) - 4*z(b). Determine v(p).
-1
Let r(v) = -v + 63. Suppose 0 = 196*d + 18*d - 4708. Calculate r(d).
41
Let r(q) be the first derivative of q**3/3 - 9*q**2/2 - 13484. Let j(p) = 8 + p**3 - 4*p**3 - 5*p**2 - 6*p + 4*p**3. Let i be j(6). Determine r(i).
-8
Let n(h) = -h**2 + 3*h + 3. Let g = -4964 - -4974. Give n(g).
-67
Suppose 516*q + h = 513*q + 14, -2*q = -3*h - 13. Let m(t) be the first derivative of -1/4*t**4 - q - t**3 + 6*t + 3*t**2. Determine m(-4).
-2
Suppose 0 = -v + d - 189, 4*d + 647 = -4*v - 125. Let t = -198 - v. Let s(r) = -r - 5*r + 23*r**3 + 1 - 43*r**3 + 6*r**2 + 21*r**3. Give s(t).
-6
Let d(m) be the third derivative of -m**6/120 + 11*m**5/20 + 23*m**4/8 + 16*m**3/3 - 7*m**2 + 120*m. Calculate d(35).
-3
Let s(l) be the second derivative of l**5/20 + l**4/3 - l**3 - 2*l**2 - 6*l. Let u(d) = 2*d**2 - 17*d - 14. Let g = -63 + 72. Let a be u(g). Give s(a).
1
Let g(k) be the first derivative of k**4/12 + 11*k**3/6 + 2*k**2 + 3*k - 161. Let b(h) be the second derivative of g(h). Determine b(-13).
-15
Suppose r + 31 - 1 = -3*g, -4*g + 3*r = 27. Let m(n) be the second derivative of -1/20*n**5 - 2/3*n**4 - 3*n**2 - 37*n + 0 + 5/3*n**3. Determine m(g).
-15
Let d(w) = 0 - 3 + 8 - 3 + 2*w**2 - 85*w**3 + 108*w**3 + 4*w. What is d(-1)?
-23
Suppose 0 = 5*q + 4*r + 302 - 957, -4*q = -4*r - 524. Let v = q - 131. Let a(g) = g**2 - g + 6. What is a(v)?
6
Let w(h) = -h + 12. Suppose -4*r - 4*g = -344, -2*g - 458 = -14*r + 9*r. Let b be -39*20/r*3/(-2). Give w(b).
-1
Suppose y = 5*o + 11, -3*y + 1 + 6 = -2*o. Let m(r) = -r**2 + 8 - y - 3 + 8*r. What is m(10)?
-16
Let t = -42 + 44. Let j(n) = -1314*n + n**2 - 151*n**3 + 154*n**3 + 1313*n + 1. What is j(t)?
27
Suppose -2*v + 4 = 4*u - 12, 0 = 3*u - 9. Let p(x) = -138 - 9*x**2 - x**3 + 133 - v*x + 11*x + 0*x. Suppose -60 = 6*d - d + 2*g, -15 = 3*g. Give p(d).
5
Let c(m) = 2*m + 13*m**2 - 884840 + 2*m**3 - 15*m + 884803. Give c(-7).
5
Let r(y) = y**3 + 10*y**2 - 3*y + 6. Let u be 154/(-28)*(40/18 + (-14)/63). Calculate r(u).
-82
Let o(a) = -5*a. Let c(u) = u**2 - 8*u + 7. Let r be c(7). Suppose -5*m = -h - 0*h - 40, -5*h = r. Suppose m*i - i = -28. Give o(i).
20
Let y(u) = u + 2. Suppose -5*v = q + 4*q, 2*v = -5*q. Let d be (-2)/(-2) - (-2 + v). Determine y(d).
5
Let r = -7480 + 7476. Let h(k) = -k**2 - k - 18. Give h(r).
-30
Let m(f) be the first derivative of 9*f**2/2 - 29*f + 592. What is m(4)?
7
Let p(u) = -1267 - 1321 + 38*u + 2571. Give p(2).
59
Let a = 871 - 868. Let d(k) = 27*k. Determine d(a).
81
Let n = 1974 - 1972. Let z(g) be the second derivative of -g**5/20 - g**4/6 + g**2 + 2*g. What is z(n)?
-14
Let w(b) = b**2 - b + 1. Let n(c) = 4*c**2 + 3*c - 3. Let x(p) = -n(p) + 3*w(p). Suppose 542 = y - 194. Let t be 3/(-5) - y/115. Calculate x(t).
-1
Suppose 984 = -9*a + 3. Let z = a + 107. Let q(d) = d + 3. Give q(z).
1
Let k(g) = g**2 - 3*g + 3. Let o = -2219 - -2092. Suppose 4*f = -5*p - 536, f + 512 = -3*f + p. Let y = o - f. Give k(y).
1
Let q(x) be the third derivative of 3*x**4/2 + x**3/2 + 452*x**2. Determine q(-1).
-33
Let z(y) = -14*y + 84*y + 7*y - 16*y + 158 - 31*y. What is z(-6)?
-22
Let y be (-92)/(-8)*186/713. Let j(g) be the second derivative of 19*g - 7/2*g**2 + 0 + 1/6*g**y. Give j(3).
-4
Let u(l) = -2*l - l**2 - 2*l - l + 13*l - 2*l - 12. Give u(7).
-19
Let j be ((-1)/(-9) + (-16)/(-288))*6. Let b(m) = -13*m**2 + 6*m - 7. Give b(j).
-14
Let w(v) = -19*v - 4. Let h(q) = -9*q - 2. Let g(z) = -5*h(z) + 2*w(z). Let o be (-4)/(-12) - 25/(-15). Suppose 5*t = 6*t + o. Give g(t).
-12
Let k(i) = -3*i**3 + 4*i**2 - 31. Let r(h) = -h**3 - 2*h**2 + 4*h. Let c(z) = -k(z) + 2*r(z). Determine c(6).
7
Suppose -3*n + 21 = -0*n. Let h(r) = r**2 - r + 10. Let i(v) = -3*v**2 - 2*v - 45. Let m(w) = -4*h(w) - i(w). Calculate m(n).
-2
Let m(z) = -37*z + 49. Suppose -6*k + 8*k - 4 = -0*k. Determine m(k).
-25
Let q = 442 + -431. Let t(g) be the third derivative of g**4/24 - 2*g**3 + g**2 - 30. What is t(q)?
-1
Let j(g) = g**2 + 2*g + 4. Let m be ((-46)/(-8))/(18/360). Suppose -37*y = -14*y + m. Determine j(y).
19
Let p(t) be the first derivative of t**2/2 - 1. Let n be 303/4848 - (-1)/(-16). Give p(n).
0
Let b(k) be the third derivative of -k**6/120 + k**5/30 + 5*k**4/8 + 2*k**3/3 - 2*k**2 - 472. Calculate b(5).
4
Let y be 28/21 - 5/(-3). Let i(u) = -11*u + 18. Let w(d) = 0 + 1 - 4*d + 5. Let s(b) = y*i(b) - 8*w(b). Calculate s(4).
2
Let o(u) = 8*u**2 + 13*u - 32. Let d(f) = f**2 + 6*f + 1. Let z(s) = -6*d(s) + o(s). What is z(13)?
1
Let j be (-1)/((-63)/14) + 12/(-162)*-159. Let p(y) = y**2 + 